 - 3*z - 39 = o, 2*o - 5*z - 38 = 0. Suppose -2*u - 6 = 0, o = 3*k - 2*u + u. Let w(q) = -5*q. Give w(k).
-10
Let h(m) be the first derivative of m**3/3 + m**2/2 + 4*m - 6. Calculate h(0).
4
Let s(r) = 0*r**2 + r**2 + 3 - 8*r - 8. Let a(i) = i**2 - i - 1. Let b(q) = -2*a(q) + s(q). Determine b(-3).
6
Let x(i) = -i**3 - 5*i**2 - 3*i + 2. Let c(k) = 3*k + 6. Let d be c(-3). What is x(d)?
-7
Let n(z) = 4*z**2 + 25 - 9*z + z**3 + 2*z - 31. Determine n(-5).
4
Let q(m) = -m - 1. Let z(f) = 4*f + 2. Let d be z(-1). Determine q(d).
1
Let p(d) = 3*d**2 + 3*d + 10. Let z(f) be the third derivative of f**5/15 + f**4/6 + 5*f**3/3 + 4*f**2. Let o(i) = -5*p(i) + 4*z(i). Determine o(0).
-10
Let t(x) be the second derivative of 1/2*x**2 + 3*x + 1/6*x**3 - 1/6*x**4 + 0. Determine t(2).
-5
Let x(r) = r. Let l = 15 + -22. Let q be -1*(-3 - -2 - l). Determine x(q).
-6
Let o(q) = 2*q - 3. Let v(t) = 4*t + 4. Let c(w) = 11*w + 11. Let l(z) = 3*c(z) - 8*v(z). Let b(a) = -3*l(a) + o(a). Calculate b(-6).
0
Suppose -5*r = 4*x - 2, r + 17 = 5*x - 0*x. Let j(v) be the first derivative of 0*v**2 - 2*v + 1/3*v**x + 1. Calculate j(2).
2
Let o be (0 + -1)/(3/15). Let d(p) = -11*p - 17. Let r(z) = -7 - 5 - 4*z + 6. Let h(n) = 3*d(n) - 8*r(n). What is h(o)?
2
Let q(g) = g + 21. Let w be q(-19). Let j(d) = 4*d - 2. Let o(x) = x**2 + 5*x - 2. Let p(s) = -4*j(s) + 3*o(s). Calculate p(w).
12
Let q(z) = -z**3 - 26*z**2 - 24*z + 20. Let w be q(-25). Let h(f) = -f**3 - 7*f**2 - 8*f - 3. Determine h(w).
-13
Let t(x) = x + 0*x - 2*x. Let i(d) = -7*d + 3. Suppose 0 = -2*l + l - 4*j - 7, -15 = 5*j. Let o(p) = l*t(p) - i(p). What is o(3)?
3
Let s(a) = -2*a**3 - 3*a**2 - 2*a - 3. Let f be s(-2). Let t(o) = 6*o**2 - 2*o - 2. Let v be t(2). Let k(r) = 19*r - 39*r + 5 + v*r. Determine k(f).
-5
Let d(i) = i**3 - i**2 - i - 1. Let q be ((-12)/(-3) + -2)/(-2). What is d(q)?
-2
Let n(p) be the second derivative of -p**5/20 + p**2 - 4*p. Determine n(0).
2
Let a(u) be the first derivative of u**5/60 + u**4/8 - 5*u**3/3 + 3. Let d(h) be the third derivative of a(h). Determine d(-5).
-7
Let m be ((-4)/(12/9))/(-1). Let o be (4 - -2) + m/(-1). Let y(s) = 3*s + o + s**2 + 4*s + 0. Determine y(-6).
-3
Suppose -8 = 2*j + 4. Let o be 7 - 0/(4 + j). Let x(u) = u**3 - 6*u**2 - 9*u + 6. Calculate x(o).
-8
Let q be 260/36 + (-2)/9. Suppose 25 = -2*n + q*n. Suppose -t = n*s - 11, -5*t + 2 - 19 = s. Let c(l) = -l**3 - 6*l**2 - 7*l - 4. Give c(t).
-8
Let a(x) = 7*x + 7. Let d(m) = -12*m - 14. Let p(y) = -5*a(y) - 3*d(y). Give p(0).
7
Let v(y) = y - 8. Suppose -3*c - 7 = -5*f + 6, 4*c - 41 = -5*f. Give v(f).
-3
Let q(t) = -t**2 - 5*t - 1. Suppose -2*r + 11 = -3*r. Let n = -9 - r. Suppose -5*l - 19 = -n*z, 0 = 2*l + 5 + 5. Give q(z).
5
Let d(x) = 10*x**3 - 21*x**2 + 28*x + 3. Let f(t) = 7*t**3 - 14*t**2 + 19*t + 2. Let p(h) = 5*d(h) - 7*f(h). Give p(6).
7
Let j(c) be the second derivative of 2/3*c**3 + 0 + 3*c + 3/2*c**2 + 1/6*c**4. Let x be j(-2). Let d(q) = q - 3. Calculate d(x).
0
Suppose 4*z = 3*z + 1. Let g(l) = -4*l**2 - l + 5. Let m(u) be the second derivative of u**2/2 + u. Let j(n) = z*g(n) - 4*m(n). Determine j(1).
-4
Let s(k) = -k**2 - 4*k. Suppose 4*b = 5*p - 32, 2*b = 2 - 8. Suppose -2*a = -2*n - 6*a - p, -8 = n - 4*a. Determine s(n).
0
Let a(m) = m**2 - 5*m + 4. Let y(r) = -r + 4*r + 5*r + 4 - r. Let f be y(-4). Let u be (1/(-3))/(2/f). What is a(u)?
0
Let q(v) be the second derivative of -v**5/20 - v**4/3 - v**3/6 + v**2 - 9*v. Determine q(-4).
6
Suppose -2 - 1 = 3*u. Let h(w) be the second derivative of -w**3 + w**2/2 + w. What is h(u)?
7
Let m be -26*(-1 - (-2 - -2)). Let c = -18 + m. Suppose -3 = r - c. Let j(s) = 2*s - 3. What is j(r)?
7
Let v(w) be the second derivative of -w**3/6 - 3*w**2 + 3*w. Let a = -6 + 3. Let t = a - 0. Give v(t).
-3
Let h = 6 + -3. Let b = 2 - h. Let v(p) = 10*p**3 - p**2 - p. What is v(b)?
-10
Let n(h) = h**3 + 5*h**2 - 3*h - 12. Let k be n(-5). Suppose -5*r = -3*r + k*l - 17, -2*l - 6 = -3*r. Let i(b) = b + 3. Determine i(r).
7
Let a(b) = -2 + 4 + 0 + 0 + 3*b. Determine a(2).
8
Let d(b) be the first derivative of b**2/2 - 2*b + 1. Let h = -87 + 87. Determine d(h).
-2
Let o(i) = i**2 - i - 6. Let t be o(4). Let w(f) be the third derivative of -f**5/60 + f**4/4 + f**3 + 2*f**2. Determine w(t).
6
Suppose -3*b - f = -0*b + 8, 0 = 2*b + 3*f - 4. Let z(y) = y**3 + y**2 - y + 1. Let q(g) = 4*g**3 + 7*g**2 - 5*g + 5. Let s(h) = -q(h) + 3*z(h). What is s(b)?
-10
Suppose 0 = 5*g - 289 + 39. Suppose 3*i + g = 5*r + 13, -21 = -r + 4*i. Suppose -2*p = -2*a - 6*p - 2, -5*a = -p + r. Let w(n) = 7*n**3 - 2*n**2 - n. Give w(a).
-8
Let u(v) = v**3 - 5*v**2 - 2*v + 7. Let z(p) = p**3 - 4*p**2 - 2*p + 6. Let m(b) = -5*u(b) + 6*z(b). Give m(1).
1
Let z(v) = v - 6. Let q(r) = r**2 + 16*r + 40. Let n be q(-4). Calculate z(n).
-14
Let x = 30 + -24. Let n(i) = i**2 - 8*i - 2. Determine n(x).
-14
Let v(l) = 4*l + 2. Suppose 3 = z + 8. Give v(z).
-18
Let z be (-1)/((35/(-25))/(-7)). Let u(b) = b**2 + 3*b - 4. Give u(z).
6
Let u(f) be the first derivative of -f**2 - 4*f - 7. Determine u(-5).
6
Let u(w) = w**2 + 1. Let j = -42 + 40. Give u(j).
5
Suppose -3*i = 4*r - 12, 0*i - 9 = 2*i - 3*r. Suppose 4*p = -i*p + 8. Let a(w) = 0*w**2 - 2*w**p - w + w**2. Give a(2).
-6
Let k = 52 - 50. Let t(w) = 2*w**2 - 2*w - 2. Determine t(k).
2
Suppose -5*b + 4*b - 3 = 0. Let g be b/(9/6) - -6. Let d(f) = 3 - 4*f + 2*f + f. Give d(g).
-1
Let k(n) = -n**2 + 4*n - 3. Let y be k(3). Let r(f) = y + 0 - f. Let j(b) = -b**3 + 2*b**2 - 6*b + 2. Let x(v) = -j(v) + 5*r(v). Determine x(2).
0
Let i be ((-2)/3)/((-2)/66). Suppose 20 = 5*k, -l - 7*k + i = -2*k. Let f(g) be the third derivative of g**5/60 + g**3/6 - g**2. Calculate f(l).
5
Let f = 1 + -1. Let w(c) = 7*c + 7. Let j(v) be the second derivative of v**3/2 + 3*v**2/2 + v. Let r(d) = -5*j(d) + 2*w(d). Calculate r(f).
-1
Let z(q) = -5*q**2 + 4*q - 2. Let d(j) = -11*j**2 + 8*j - 4. Let i(g) = 6*d(g) - 13*z(g). Determine i(-4).
2
Let k be (12/36)/((-2)/(-54)). Let b(l) = l - 12. What is b(k)?
-3
Let m(x) = 2*x**2 - 6*x + 4*x - x - 8*x**3 + 4*x. Give m(-1).
9
Let s(t) = -t - 5. Suppose -3*n + 24 = 2*w, 3*w + 40 = 4*n + n. Let q be (9/(-6))/(3/n). Determine s(q).
-1
Suppose -3*m = -4*n + 28, m - 2*n = 4*m + 4. Let k(d) be the third derivative of -d**4/24 - d**3/6 - 4*d**2. Calculate k(m).
3
Let d be (0/(-3))/1 - 4. Let n be d*((-3)/12 + -1). Let b(u) be the first derivative of u**3/3 - 5*u**2/2 + 4*u - 1. Give b(n).
4
Let y(b) = 4*b**2 + 6. Let z(s) = s**2 + s. Let m(u) = -y(u) + 3*z(u). Give m(4).
-10
Let z be 1/(-3) - (-14)/6. Let s be z + (-3)/(-9)*3. Let g(k) = k**3 - 3*k**2 + 2*k - 3. Determine g(s).
3
Suppose 0 = 6*a - a. Suppose 0 = t - 8 - a. Let v(l) = l - 7. Give v(t).
1
Let a(g) be the third derivative of g**6/360 - g**4/6 - 2*g**3/3 + 2*g**2. Let q(i) be the first derivative of a(i). Give q(-3).
5
Let x(p) = -p**3 + p - 5 - p**2 - 4*p**2 + 3*p. Let w be (3 - 4)/((-4)/(-24)). Determine x(w).
7
Suppose 2*m = 4*q + 30, -2*m - 5*q - 10 = m. Let w(j) be the third derivative of 2*j**2 - 1/6*j**3 + 0*j - 1/24*j**4 + 0 - 1/15*j**6 + 0*j**m. Determine w(-1).
8
Suppose 2 = -7*k + 8*k. Let g(s) = 9*s - 3. Let v(j) = 3*j - 1. Let b(w) = 3*g(w) - 8*v(w). Determine b(k).
5
Let b(l) = -3*l**3 - 4*l**2 - 3*l - 1. Let w(x) = -5 - x**2 + 3 - 7 - 8*x. Let v be w(-7). Determine b(v).
13
Let s(l) = l**3 - 5*l**2 + 6*l - 4. Let f be ((-2)/(-3))/((-2)/(-6)). Let v be 3 - (-1 - 1)/f. What is s(v)?
4
Let k(m) = 5*m - 1. Suppose -5*d + 14 = 4, 3*o - 5*d - 65 = 0. Let f be (-10)/o - 3/5. Calculate k(f).
-6
Let r = 1 + 2. Let z(o) = -o**2 + 1. Let g(k) = 4*k**2 - 4*k - 4. Let j = 6 - 5. Let a(p) = j*g(p) + 3*z(p). Calculate a(r).
-4
Let v(z) be the third derivative of z**4/4 - 32*z**2 + 2*z. Give v(1).
6
Let t(z) = z**3 - 4*z**2 - 8*z + 4. Let n be t(6). Let f be (-4)/14 - (-64)/n. Let p(d) = -2*d**2 + 3*d - 2. What is p(f)?
-4
Let z(l) be the third derivative of 0 + 0*l - 1/6*l**3 - 1/8*l**4 - 5*l**2. Calculate z(2).
-7
Let q = 2 - -1. Let f(d) = -4*d**2 + 4*d - 2. Let j(m) = -m**2 - 1. Let w(b) = -f(b) + 2*j(b). Determine w(q).
6
Let a(b) = -b**3 - b**2 + b + 1. Let v(g) = -2*g**3 - 4*g**2 - g + 6. Let o(x) = -3*a(x) + v(x). Let d = -53 - -55. Calculate o(d).
-1
Let k = 0 - 0. L